Let b = 1 - -1. Suppose b*x - 4 - 6 = 0. Suppose 2*o + 6 = -o, -3*o = w + x. What is the units digit of w?
1
Let m(y) be the second derivative of y**3/3 + y. What is the units digit of m(3)?
6
Let f(z) = 22*z**3 + 2*z**2 - z. Let v be f(1). Let w = -14 + v. What is the units digit of w?
9
Let i = -3 - -5. Suppose 0 = -2*j + t, i*t = 3*j - 0*t - 1. What is the units digit of (j + 11)*(-4)/(-8)?
5
Let i = 8 + -4. Suppose -2 = -5*j - 12, i*g + 2*j = 76. What is the units digit of g?
0
What is the tens digit of ((-11)/(-22))/(2/428)?
0
Let z(a) = 4*a - 3. Let j be z(3). Let y be (0 + (-12)/j)*-12. Suppose -y = -4*g + 2*g. What is the units digit of g?
8
Let g = 57 + -31. What is the units digit of g?
6
Let z(s) = s**3 + 11*s**2 - 8*s - 3. What is the tens digit of z(-11)?
8
Let b = 39 + -6. Suppose b - 3 = 5*i. What is the units digit of i?
6
What is the units digit of (-38)/(-95) + (-1773)/(-5)?
5
Let l be 2 + 7/(14/(-12)). What is the units digit of ((-80)/(-30))/(l/(-18))?
2
Let k(q) be the second derivative of 3*q**3/2 - q**2/2 + 4*q. What is the units digit of k(1)?
8
Let d(b) = -b**2 - 6*b + 3. Let g be d(-6). Suppose -5*y + 20 = 0, z = g*y - 4*y + 10. Let f(w) = w**3 - 5*w**2 - 5*w - 3. What is the units digit of f(z)?
3
Suppose x + 4*x = 5. Let d be (-1 + 1)/2 + 0. Suppose h + 3*z + 0*z + 1 = 0, d = z + x. What is the units digit of h?
2
Let r = 67 - 46. Let k be (r/(-9))/((-1)/(-3)). Let x = k - -13. What is the units digit of x?
6
Suppose 2*c - 15 = -c + v, 3*v = 2*c - 3. Let g(u) = -u**2 + 13*u - 6. What is the tens digit of g(c)?
3
Let l(o) = 68*o. Let n be l(1). Suppose -n = -i - 3*i. Suppose 5*p - 39 = d, p + d = -p + i. What is the units digit of p?
8
Suppose -2*t - 4 + 12 = 0. Let c(y) = y**3 + 6*y**2 + 3*y - 4. Let v be c(-5). Suppose 0 = -t*j + v*j - 10. What is the units digit of j?
5
Let s be ((0 - -5) + 2)*-1. Let a(n) = n**2 + 7*n + 7. Let r be a(s). Suppose d = r - 2. What is the units digit of d?
5
Let s(f) = 4*f**2 + 10*f + 1. What is the tens digit of s(-4)?
2
Let w be (-2)/6*(-21 + 3). What is the units digit of (w/(-9))/(-2)*3?
1
Suppose 0 = -5*p - 0*p + 35. Suppose 3*t - 4*t = -2. Suppose -2*i - 5*a + p = 0, 4*a = 2*a - t. What is the units digit of i?
6
Suppose 0 = 2*h + 2 - 0. What is the units digit of -14*h/(-4)*-6?
1
Suppose 6*q = 5*q + 5*x + 249, 5*x = -3*q + 667. What is the units digit of q?
9
Let s = -14 + 22. Let l = s + -4. Suppose -15 = -c - l*c. What is the units digit of c?
3
Let r = -67 + 136. What is the tens digit of r?
6
Let v(m) = -3*m**3 + m**2 + 2*m + 1. Let l be v(-1). Let q(t) = -t**3 - 2*t**2 - 4 - 4*t + 0 + 2 + 0*t**l. What is the units digit of q(-3)?
9
Let v(m) be the third derivative of m**6/120 + m**5/20 - 5*m**4/24 - m**3/2 - 7*m**2. What is the units digit of v(-4)?
1
Let f(g) = g**3 + 5*g**2 + 4*g. Suppose k + 3*k = -16. Let h be f(k). Suppose 0 = 5*i + 5*s - 0*s - 35, -5*i - s + 19 = h. What is the units digit of i?
3
Let b(r) = 95*r. Let y be b(1). Suppose a = -4*a + y. What is the tens digit of a?
1
Suppose -2*q + 72 = -62. What is the tens digit of q?
6
Suppose -20*i = -21*i + 40. What is the tens digit of i?
4
Let f be (1 + (-2)/4)*-2. Let n be 4 - (-6)/(3*f). Suppose 4*c + 5*p - 1 = 1, -4*p - 14 = -n*c. What is the units digit of c?
3
Let h be 299/65 - (-4)/10. Suppose -4*f + 4*l = 17 - 81, -h*f = -3*l - 88. What is the units digit of f?
0
Let y(t) = -t**3 + 13*t**2 + 7*t - 16. What is the units digit of y(13)?
5
Let k(f) = -2*f + 106. What is the hundreds digit of k(0)?
1
Let u(i) = i + 9. Let c = -11 + 17. Suppose -z + 35 = -c*z. What is the units digit of u(z)?
2
Suppose 0*k - k + 4 = 4*n, 0 = -k - 2*n + 2. Suppose v = -k*v + 8. What is the units digit of v?
8
Let p(s) = s**2 - 5*s - 5. Let a be p(6). Let y(c) = -a + 3*c**2 + 0*c + 0*c. What is the units digit of y(1)?
2
Suppose -1 = -2*j + 5. Let z = j + 26. What is the tens digit of z?
2
Suppose -3*z + 4 = z, -t + 43 = 2*z. What is the tens digit of t?
4
Suppose 4*u + 160 = 9*u. What is the units digit of u?
2
Let v = -103 + 114. What is the units digit of v?
1
Let q(r) = -r + 10. Let j be q(7). Suppose j*z + 3*i - 4*i = 39, z - 9 = -i. What is the tens digit of z?
1
Let a = -71 - -107. What is the units digit of a?
6
Let h be (-3)/(-12) - 14/(-8). Suppose -h*o = 4*g - 14, -2*o + 4*g = -20 - 18. What is the units digit of o?
3
Suppose 3*t + 117 = 2*b, 4*t - 73 = -2*b + 65. What is the tens digit of b?
6
Let h(o) = -o**3 - o**2 + 10. Let d = 2 + -2. What is the units digit of h(d)?
0
Let r(s) be the first derivative of s**3 + s + 4. What is the tens digit of r(2)?
1
Suppose v = k - 3*v - 15, 2*k = v + 51. What is the tens digit of k?
2
Let q(f) = 2*f**2 + 7*f - 2. Let i be q(-5). Let p = i + -2. What is the units digit of p?
1
Let h(v) = 2*v**3 + 2*v**2 - 2*v - 1. Let s be h(-2). What is the units digit of (26 - 1)*(-2)/s?
0
Let m(q) = 8*q - 20. Let k be m(14). Suppose 3*n = -4*o + k, 0 = -o - 2*o - 4*n + 69. What is the units digit of o?
3
Let j be 0/(-1) + 30/(-6). Let w(q) = 3*q**2 + q + 13. Let x(c) = c**2 + c + 6. Let z(b) = j*x(b) + 2*w(b). What is the units digit of z(5)?
6
Suppose 4*d - 34 = 278. What is the units digit of d?
8
Let d(a) = a**2 - 2*a + 5. Let g be d(6). Let p = g - 21. What is the units digit of p?
8
Suppose j - 4*z - 13 = 0, 5*j + 0*j = 4*z + 33. Let s be 30 - (0 + -3)/(-3). Suppose 7*f = 2*f - j*n + 85, f - s = -5*n. What is the tens digit of f?
1
Let w = -8 + 5. Let d(j) = j**2 + j - 2. Let c be d(w). Suppose v = -3*v + c. What is the units digit of v?
1
Let d(l) = 3*l - 17. Let y = 16 - 10. Let r(q) = 2*q - 9. Let v(i) = y*d(i) - 11*r(i). What is the units digit of v(-2)?
5
Suppose 9*c - 4*c = -y + 351, 0 = 3*c + 2*y - 212. Suppose -c = 13*o - 15*o. What is the units digit of o?
5
Let z be (-2 - -10)*(4 - 5). Let s be 48/2 + 1/(-1). Let q = z + s. What is the units digit of q?
5
Suppose -3*l + l - 6 = 2*p, -5*l - 11 = 4*p. Suppose a = 3*c + 19, 0 = -4*c - 4*a - 3 - l. Let t = 11 + c. What is the units digit of t?
6
Let i be (1 + -1)/(3*-1). Suppose 3*l + 3 = i, -8 = -4*a - 4*l - 36. Let o = a + 14. What is the units digit of o?
8
Suppose 3*b + 6 = -r - 3, -b - 4*r - 3 = 0. What is the units digit of 1 - b/6*0?
1
Suppose 1 = i - 4. Suppose 13 = i*z - 42. What is the units digit of z?
1
Let r(s) = 3*s - 4*s + 2 - 1 + 6*s**2. What is the units digit of r(1)?
6
Let h(u) be the first derivative of -u**5/20 - u**3/6 - u**2/2 + 3*u + 1. Let t(i) be the first derivative of h(i). What is the units digit of t(-2)?
9
Let l(j) = j**3 + 7*j**2 + j + 8. Let z be 6/(-8) - 50/8. Let k be l(z). Let b = 19 + k. What is the units digit of b?
0
Let k = 5 + -5. Let z = k + 1. Let r = z + 3. What is the units digit of r?
4
Suppose -4*l - 2*l = -24. Suppose 2*y = 2*b - 2*y, 0 = l*y - 4. What is the units digit of b?
2
Let l(k) = 2*k - 4. Let j be l(4). Suppose -j*t - 46 = -4*g - t, -g = 2*t - 17. What is the tens digit of g?
1
Suppose -2*k + 10 = -4*j, -3*j - 2*k + k - 5 = 0. Let r be -1*(j + 1 - -1). Suppose -5*v + 15 = -w, -3*v = -r*w - 4*w - 26. What is the units digit of v?
2
Let b be 1 - (0 + -2 + -20). Let t = 33 - b. What is the units digit of t?
0
Suppose 0 = 5*y + 2 + 3. Let i be (6/9)/(y/(-3)). Suppose -22 - 2 = -i*v. What is the tens digit of v?
1
Suppose -39 - 45 = -3*m - r, 0 = -3*m + 2*r + 93. What is the units digit of m?
9
Suppose -5*c - 3 = -2*c. What is the units digit of (-25 + c)*2/(-4)?
3
Let w(y) = 4*y**3 + y**2. Let o be w(1). Let p = o + -3. What is the units digit of p?
2
Let o = 18 + 129. What is the units digit of o?
7
Suppose -3*r + 107 - 38 = 0. What is the units digit of r?
3
Suppose -3*v = -8*v + 5. Let l be (2 - -1) + v + 1. Suppose -2*z - 2*w - 37 = -5*z, -4*w = l*z - 47. What is the units digit of z?
1
Let h(j) be the second derivative of -5*j**3/6 - j**2/2 - 4*j. What is the tens digit of h(-3)?
1
Let v = -5 + 19. Suppose -v - 22 = -4*r. What is the units digit of r?
9
Let t(b) = -4*b**2 - 2*b + 2. Let a be t(-3). What is the units digit of 1/4 + a/(-16)?
2
Let n(m) = 210*m**3 - 2*m + 1. What is the hundreds digit of n(1)?
2
Let d(u) = 2*u + 1. Let p be d(2). Suppose -4*r - 2*v = -2, p*r = 2*v - 10 + 35. What is the units digit of r?
3
Let v(f) = 7*f + 77. What is the units digit of 